- 9, i*q + 15 = 0. Let g(y) = y**3 - 5*y**2 - 4*y - 4. Give g(c).
8
Suppose -3*p = 3*p - 18. Suppose n - p*n - 10 = 0. Let c(u) be the second derivative of u**3/6 + 3*u**2 - 2*u. Calculate c(n).
1
Let q(g) = -2*g**3 + 18*g**2 + 8. Let y(i) = -i**2 - 21*i - 99. Let x be y(-9). Determine q(x).
8
Let n(h) = 2*h**2 + 3*h - 3. Let c be n(-5). Let y = -26 + c. Let d(g) = -g**2 + 7*g - 8. What is d(y)?
-2
Let q(z) = z**2 + 42. Suppose -5*d = -2*v - 8, -v = -d - 3*d + 4. Give q(d).
42
Let c = 983 + -991. Let v(m) = m**3 + 7*m**2 - 6*m - 1. Calculate v(c).
-17
Let n(y) = 25 + 2*y**2 - 5 - 3*y - 13*y**2 + 30*y**2 - 20*y**2. Determine n(-6).
2
Let s(i) be the second derivative of -1/3*i**4 - 3/2*i**2 - 1/2*i**3 - 10*i + 0. Calculate s(-2).
-13
Let p(f) be the first derivative of 5*f**3/3 - f**2 - f + 3. Let b(w) = -9*w - 10. Let l be b(-1). Give p(l).
6
Let i = 2 + 0. Suppose 3*q = -i*q + 115. Suppose -v + q = -5*u - 0*u, -9 = u + 2*v. Let x(n) = n**3 + 5*n**2 + 2*n + 4. Determine x(u).
-6
Suppose 18 - 3 = -5*m. Let l(p) be the first derivative of -p**4/4 - p**3 + p**2 + p + 1. Let c be l(m). Let h(s) = -2*s - 5. Give h(c).
5
Let o(j) = j**2 + 17*j - 59. Let t be o(-20). Let i(q) = 21*q**3 - q. Give i(t).
20
Let w(g) be the third derivative of -g**6/120 - g**5/10 + g**4/4 + 3*g**3/2 + 2*g**2. Let s(o) = o**3 - 7*o**2 - 5*o + 28. Let i be s(7). Give w(i).
16
Let f(a) be the first derivative of -7*a**2 + 28. Let k(z) = 2*z + 35. Let l be k(-18). What is f(l)?
14
Let q(r) be the first derivative of -2*r**3/3 + 22*r - 812. Give q(3).
4
Let s be 14/(-35)*(3 - -4 - -8). Suppose 14 = -2*f - 6*p + p, 16 = -4*p. Let q(x) = 0*x - f - x + 0. What is q(s)?
3
Suppose 0*h = 2*h + 4. Let q = 0 + h. Let m be (-11 - -9)*q/(-4). Let f(y) = -y - 2. Determine f(m).
-1
Let i(a) = 2 + 3 + 3580*a**3 - 3581*a**3 + 6*a**2. Suppose 2*u + 24 = 5*t, 4*u = -3*t - u + 2. Let o = 10 - t. Calculate i(o).
5
Let p = 9 + -7. Let f = 5 - p. Let x(l) = 4*l - 7 + 4*l**2 - l**2 + 2 - l**f. Give x(4).
-5
Let j(i) = -11*i - 3. Let h be ((114 + 16)/(-26))/(5/(-2)). What is j(h)?
-25
Let s(r) = 4*r**3 - 21*r**2 - 16*r - 7. Let k be s(6). Let c(x) = -2*x**2 + 4*x + 1. What is c(k)?
-29
Let z(x) = -2*x**2 + 0 + 2 + 3*x**2 - 7*x + 3. Suppose 8 = 3*o + i, 4*i = -4*o - o + 18. Suppose 29 = 2*r - 4*f - 5, -f - 19 = -o*r. Determine z(r).
5
Let f be (-3 - -2)*(-1 - 0). Let v(d) = -29747*d - 1 + 1 - 9*d**3 + 29748*d. Give v(f).
-8
Let f be (-297)/66*8/6. Let v(b) = -5*b**3 + 3*b**2 - b + 11. Let r(h) = -3*h**3 + h**2 + 6. Let u(g) = 7*r(g) - 4*v(g). Determine u(f).
10
Let w(q) = 5*q + 8. Let p(n) = n + 1. Let h(c) = -6*p(c) + w(c). Suppose 3*o = 18 + 30. Let t = 22 - o. Calculate h(t).
-4
Let o(x) = -2*x + 1. Let b = 944 - 940. Determine o(b).
-7
Let q(k) = -k**2 - 2*k - 2. Let f be 2/(-4) - (-1)/(-2). Let j be f*(-7)/((-7)/2). Calculate q(j).
-2
Let t(s) = 7 + s + 4 - 21. Suppose b + 2*n = -1 + 14, 5 = 2*b - 3*n. Determine t(b).
-3
Let r(m) = m**2 - 5*m + 14. Let n = 1179 - 1174. Give r(n).
14
Let n(c) = -8*c - 6*c + 15*c + 2 - 3. Suppose 18 = -6*z + 54. Give n(z).
5
Let d(f) = 9*f + 3. Let i = 25 + -8. Suppose 5*z = m + 36, -3*z = 5*m + 1 - i. Let k(c) = -3*c - 1. Let u(l) = z*k(l) + 2*d(l). Determine u(2).
-7
Let w(j) = -3*j - 4. Let l(t) be the first derivative of -8*t**2 - 19*t - 9. Let p(y) = -2*l(y) + 11*w(y). Calculate p(-8).
2
Let k(d) = -d**2 - 4*d + 5. Suppose 0 = -3*b + p - 5 - 6, -4*p = b + 8. Let o be k(b). Let n(x) = x + 5. Give n(o).
10
Let a be (42/10)/(5*3/75). Let o(f) = -f - a + 16 + 6 - 2*f**2. Determine o(2).
-9
Suppose 0*p = p + 6. Let n(u) = 3*u - 8 + 11*u - 2*u - 14*u. Calculate n(p).
4
Let w(c) = -c**3 - 5*c**2 - 7*c - 4. Let k be (-8)/3*(-33)/(-22). Determine w(k).
8
Let j(p) be the first derivative of -1/12*p**4 - 5/2*p**2 - 7/6*p**3 + 6*p + 4. Let w(t) be the first derivative of j(t). Calculate w(-6).
1
Let o be (-42)/9*(0 + -3). Let c(v) = -32 + v + 11 + o. What is c(3)?
-4
Let z(r) = r**3 + r**2 - 18*r - 8. Let t be z(4). Let o(b) = b**3 - 33. Determine o(t).
-33
Let x(i) = 7*i**2 + 3*i - 3. Suppose -4*d = -4*z + 28, 5*z = 2*d - 4*d. What is x(z)?
31
Let u = -11 + 15. Let r(j) = -j - 1. Let x(d) = -d**2 - 5. Let n(y) = 3*r(y) - x(y). What is n(u)?
6
Let r(g) = 12*g**3 + g**2 - 1. Suppose -4*a - x + 11 = 5, a + 2*x - 5 = 0. Determine r(a).
12
Let m(a) be the second derivative of a**3/6 - 5*a**2/2 - 22*a - 3. Let g = 7 + -3. Determine m(g).
-1
Let v(r) be the second derivative of -28*r + 1/3*r**3 - 5/12*r**4 + 1/20*r**5 - 2*r**2 + 0. Suppose s - 3 = 2. What is v(s)?
6
Let y(q) = q - 2. Suppose -4*t + m = -5, -2*t = 5*m - 2*m - 13. Suppose -j - 19 = t*c, 0 = -5*j - 0*c - 5*c - 75. Let z = j + 16. Determine y(z).
3
Let p = -541 - -556. Let j(k) = -k**3 + 15*k**2. Give j(p).
0
Suppose -5*s - 64 = 2*l + 2*l, 2*l = 4*s - 6. Let i be ((-14)/6)/7*(-2 - l). Let n(r) = r**3 + 3*r**2 + 2*r - 3. Give n(i).
-9
Suppose s = -0*s - 5*u + 2, -s = 3*u - 4. Let h = 200 + -196. Let k(y) = 3 - 2 + 0*y**2 + y**2 + s*y + h. What is k(-6)?
-1
Suppose -4*q + t + t = 120, 0 = -3*q - 4*t - 68. Let m be (-4)/(-6)*(-126)/q. Let b(l) = 31*l**3 + 24*l**m - l**2 + l + 1 - 41*l**3 + 0. Determine b(-1).
-15
Let b(s) = s**2 + 5*s - 4. Let q(h) = -3*h - 4. Let i be q(-4). Let t be (-1)/(i/10 - 1). Let u = 0 - t. Give b(u).
-4
Let k = -93 - -81. Let l(f) = f + 12. Determine l(k).
0
Let i = 56 + -46. Let x be (9/(-15))/(((-6)/i)/(-3)). Let k(j) = 6*j - 2*j - 3*j. Calculate k(x).
-3
Suppose -47*o + 17 + 77 = 0. Let k(f) be the third derivative of -f**6/120 + f**5/60 + f**4/24 + f**3/6 + 7*f**2. Give k(o).
-1
Let l(x) = -2*x - 21. Let m(f) = 8*f**2 - 98*f + 15. Let c be m(12). What is l(c)?
-3
Suppose 2*u + 5 + 1 = -a, -5*a = 4*u + 6. Let p(v) = -243*v + 9*v**3 + 82*v + 2*v**2 - 8*v**3 + 81*v + 78*v. What is p(a)?
12
Suppose 3*j - 3 - 10 = p, 3*j - 2*p = 14. Let b(v) = 4*v**2 - 5*v - 2. Calculate b(j).
42
Let d(k) be the first derivative of k**4/4 - 7*k**3/3 - k**2/2 + k - 5. Let v be ((-3)/2)/((-39)/182). What is d(v)?
-6
Let y(j) = -7*j**2 + 2*j - 6. Let v(n) = -6*n**2 - 8. Let t(u) = 6*v(u) - 5*y(u). Calculate t(-5).
7
Let i = -85 + 85. Let l(s) = -s**3 + 5. Determine l(i).
5
Suppose 2*n - 3*n = 0. Let c(p) = -3*p**2 + 7*p + 7. Let t(r) = r**2 - 2*r - 3. Let f(u) = 2*c(u) + 7*t(u). Determine f(n).
-7
Let r(x) = -x**2 - 1. Let o(i) = -i**2 + 25*i - 46. Let u be o(23). Let t be (u - 1)*2 - (6 - 9). Determine r(t).
-2
Suppose p = 4*n - 4*p - 279, 12 = -4*p. Let f be n/18 - 4/6. Let y(i) = -4*i + 4*i - f - 2*i - i**2 + 6*i. What is y(2)?
1
Suppose -4*b - 2 = -2*k - 2*b, -3*b = 5*k - 13. Let y be 4/(-8)*4 + k. Let r(i) = 4*i - 4*i + y*i + 2*i. Give r(4).
8
Suppose 17 = -l + 5*v, -l + 3 + 16 = 4*v. Let s(m) = -m - 11. Let k be s(-14). Let p(o) = 4 + 4*o**3 - 4*o + 2*o**3 - 7*o**k + 4*o**2. Give p(l).
1
Let j(i) = -154*i**2 + 187*i - 187. Let x(b) = -5*b**2 + 6*b - 6. Let v(a) = -6*j(a) + 187*x(a). Suppose -4*h + 120*k = 124*k + 8, -5*h = -5*k - 20. Give v(h).
-11
Let v be (-2)/(-8) - (-3)/4. Suppose -4*i = -3*w + v, 2*i - 7*i + 5*w + 5 = 0. Let b(c) be the third derivative of c**4/6 + 2*c**3/3 + 1022*c**2. Give b(i).
-12
Let z = 57 - 109. Let o be (-13)/z*(-40)/(-2). Let i(w) = w**2 - 8*w + 7. Determine i(o).
-8
Let n(b) = 0*b**2 + b**3 - 4*b - 2*b**2 + 3*b**2. Suppose 2*l + 2*l = 4. Let z be -5 + l*(3 - 1). Calculate n(z).
-6
Let x(v) = 4*v**2 - 16*v + 3. Let g(c) = 6*c**2 - 18*c + 4. Let m(k) = -3*g(k) + 4*x(k). Determine m(-7).
-28
Let c(j) be the first derivative of -j**3/3 + j**2/2 + 2*j - 4. Let l(u) = u**3 + 5*u**2 - 7*u + 1. Let t be l(-6). Suppose 5*o - t*o = -6. What is c(o)?
-4
Let r(q) = -9 - 4*q - q - 7 + 3*q. Let g be r(-10). Suppose 0 = j + g - 2. Let c(x) = -2*x**3 - x**2 + 2*x + 3. Calculate c(j).
11
Suppose i - 11 + 6 = 0. Let w(j) = 0*j + 6*j - j**2 - 6*j + 2*j**2 - 7*j + 5. What is w(i)?
-5
Let j(b) = b**3 - 2*b**2 - 7*b + 19. Let m(y) = -3*y**3 + 7*y**2 + 22*y - 62. Let g(n) = 13*j(n) + 4*m(n). What is g(0)?
-1
Let h(p) = -4*p**3 - p**2 + 1. Let k be h(-1). Suppose 2*r - k = 3*r. Let x be 1*r/(12/15). Let u(c) = -c - 4. Calculate u(x).
1
Suppose 4*d = -5*t - 6, 3 = -2*t - 5*d - 13. Let n(r) = -3 + 0*r - r - 3*r + r**t + 1. Let k = 8 + -3. Give n(k).
3
Let h(a) = a**2 + 1. Let t(v) = -5*v**2 +